 = -59*k - 8. Determine m(-2).
110
Let q(k) = -k**2 - 8*k - 9. What is q(-7)?
-2
Let t(x) = x**2 + 15*x + 12. Give t(-7).
-44
Let f(p) = 23*p + 9. Give f(-1).
-14
Let k(g) = 4*g - 25. Determine k(7).
3
Let y(a) = 3*a**2 + 11. Determine y(-3).
38
Let v(t) = 4*t**3 - t**2 - 3*t - 1. Give v(3).
89
Let k(v) = -3*v**2 - 8*v + 5. Calculate k(-4).
-11
Let m(b) = -b - 150. Give m(0).
-150
Let q(p) = -9*p - 47. Determine q(8).
-119
Let y(p) = -2*p**2 + 9*p - 4. What is y(4)?
0
Let x(s) = 7*s + 32. Calculate x(2).
46
Let i(t) = -13*t - 14. Calculate i(-7).
77
Let c(p) = 7*p**2 - 4*p + 1. Give c(2).
21
Let b(v) = 2*v + 8. What is b(6)?
20
Let b(n) = -12*n - 62. Calculate b(-7).
22
Let q(f) = -f**2 - 12*f - 4. Determine q(-12).
-4
Let t(v) = -v**3 + 14*v**2 - 9*v - 17. Calculate t(13).
35
Let f(j) = j**3 - 2*j**2 - 5*j - 13. Determine f(5).
37
Let n(s) = -s**2 - 13*s + 10. Determine n(-7).
52
Let f(v) = v**3 + 12*v**2 + 16*v + 3. Calculate f(-10).
43
Let p(c) = -2*c - 10. Determine p(-6).
2
Let q(f) = 4*f + 43. What is q(-13)?
-9
Let j(o) = -2*o - 73. Determine j(-37).
1
Let h(r) = -r**3 + 5*r**2 + 4*r + 9. Calculate h(6).
-3
Let o(h) = -h**3 - 22*h**2 + 23*h - 13. What is o(-23)?
-13
Let q(h) = h**2 - 2*h - 56. Give q(0).
-56
Let x(p) = 2*p**2 + 7*p + 8. Determine x(-4).
12
Let i(q) = q**3 + 8*q**2 + 2*q - 14. Determine i(-7).
21
Let q(m) = -4*m**2 + 4*m - 1. Calculate q(2).
-9
Let l(h) = -h**3 - 31*h**2 + h + 29. What is l(-31)?
-2
Let b(g) = -5*g**2 - 13*g - 11. Give b(-6).
-113
Let o(t) = 5*t + 1. Determine o(1).
6
Let w(t) = -t**2 - 61. Determine w(0).
-61
Let y(h) = -h**2 + 2*h + 5. What is y(-7)?
-58
Let u(k) = 10*k - 123. Calculate u(15).
27
Let z(i) = -6*i**2 - 45*i - 8. What is z(-7)?
13
Let j(t) = 2*t**2 - 2*t - 2. Give j(-3).
22
Let f(m) = -m - 38. Determine f(-32).
-6
Let r(c) = c**3 - 38*c**2 + 82*c - 362. Calculate r(36).
-2
Let z(f) = f**2 - 2*f - 26. Give z(-8).
54
Let i(m) = m**3 - 15*m**2 + 20*m - 29. Give i(14).
55
Let h(z) = -z**3 - 13*z**2 - 14*z - 3. Give h(-12).
21
Let g(c) = 7*c + 82. What is g(-11)?
5
Let t(d) = -d**3 - 32*d**2 - 3*d - 89. Calculate t(-32).
7
Let g(v) = v**3 + 9*v**2 - v - 7. Determine g(-9).
2
Let z(v) = -v**3 + 18*v**2 + 19*v. Calculate z(19).
0
Let x(w) = 2*w**3 - 2*w**2 - w - 11. Determine x(0).
-11
Let r(a) = -2*a**3 + 4*a**2 + a. Calculate r(3).
-15
Let x(d) = d**2 + 4*d - 1. Calculate x(-6).
11
Let k(s) = 35*s + 1. Determine k(-1).
-34
Let t(m) = 2*m + 41. Determine t(-16).
9
Let k(o) = o**2 + 4*o - 8. Determine k(-7).
13
Let h(z) = -z**3 - 53*z**2 - 53*z - 60. Determine h(-52).
-8
Let s(v) = -13*v**2 + 54*v. What is s(4)?
8
Let b(y) = -y**2 + 2*y - 3. What is b(5)?
-18
Let p(w) = -w**2 + 5*w + 6. Determine p(0).
6
Let m(z) = -z**2 + 13*z - 8. What is m(7)?
34
Let n(i) = -4*i**2 - 3*i - 4. Calculate n(-3).
-31
Let f(c) = -c**2 + 6*c - 2. What is f(6)?
-2
Let w(l) = 5*l + 17. Calculate w(14).
87
Let d(n) = -27*n - 114. What is d(-3)?
-33
Let m(c) = -3*c**2 - 8*c + 26. Determine m(-6).
-34
Let t(q) = q**2 + 9*q - 9. What is t(-6)?
-27
Let c(a) = a**2 - 10*a + 6. Give c(11).
17
Let s(p) = 2*p**2 - p - 51. Calculate s(0).
-51
Let h(y) = -y**3 + y**2 + 1. What is h(-2)?
13
Let b(t) = -24*t + 6. Give b(1).
-18
Let p(d) = -d**2 - 2*d + 9. Calculate p(-5).
-6
Let b(g) = g**2 - 9*g + 12. What is b(8)?
4
Let h(c) = -4*c - 13. Give h(-4).
3
Let f(w) = -w**3 - w**2 + 3*w. Calculate f(0).
0
Let t(i) = -i**3 + 6*i**2 + 2*i + 8. Calculate t(6).
20
Let r(m) = -m**3 + 5*m**2 + 50*m - 2. Determine r(10).
-2
Let i(q) = 8*q - 1. Give i(-2).
-17
Let m(z) = z**2 - 5*z. What is m(5)?
0
Let b(r) = 2*r**2 - 13*r + 13. Determine b(7).
20
Let w(v) = -v - 56. What is w(32)?
-88
Let w(y) = 3*y**2 - y + 19. Calculate w(0).
19
Let x(g) = -3*g + 11. Determine x(12).
-25
Let s(t) = t**2 - 29*t + 15. Determine s(28).
-13
Let q(x) = x**3 + 50*x**2 - 104*x - 26. Give q(-52).
-26
Let p(y) = y**3 - 8*y**2 + 10*y + 28. Calculate p(4).
4
Let z(w) = -15*w - 93. Give z(-6).
-3
Let u(w) = w - 8. Calculate u(0).
-8
Let k(c) = 21*c + 2. What is k(-2)?
-40
Let n(v) = -v**2 + 17*v + 370. Determine n(30).
-20
Let x(o) = -o**2 + 12*o + 33. Calculate x(13).
20
Let x(w) = w**3 - w**2 - 2*w - 1. Give x(-1).
-1
Let l(v) = v**2 + 16*v - 22. Give l(-17).
-5
Let j(m) = -m**3 - 13*m**2 - 9*m - 42. What is j(-12)?
-78
Let m(c) = -4*c**3 + 3*c**2 - 3*c + 2. Give m(2).
-24
Let b(v) = v**2 + 4*v - 5. Give b(-6).
7
Let m(l) = -l**3 + 2*l**2 + 2*l + 6. What is m(4)?
-18
Let c(g) = g**3 - 8*g**2 - 3*g - 3. Calculate c(4).
-79
Let h(r) = 16*r - 18. What is h(6)?
78
Let r(y) = y - 5. Calculate r(9).
4
Let f(l) = 2*l**3 - 2*l**2 - 2. Determine f(2).
6
Let g(o) = -o**3 + 4*o**2 - 3*o + 7. Determine g(5).
-33
Let p(m) = -19*m - 306. Determine p(-16).
-2
Let t(o) = -o**3 - 8*o**2 - 3*o + 2. What is t(-8)?
26
Let n(k) = -9*k - 36. What is n(-5)?
9
Let d(x) = x**3 - 25*x**2 + 25*x - 15. What is d(24)?
9
Let n(b) = -b**3 + 8*b**2 + 5*b + 43. Calculate n(9).
7
Let r(j) = -j + 4. Calculate r(-10).
14
Let m(f) = -3*f - 12. What is m(-8)?
12
Let y(d) = d**3 + 11*d**2 - 26*d - 8. Determine y(-13).
-8
Let j(c) = 6*c + 25. What is j(-4)?
1
Let f(j) = j**3 + 18*j**2 - 16*j + 52. Calculate f(-19).
-5
Let j(c) = -15*c - 103. Determine j(-8).
17
Let r(x) = x**3 - 15*x**2 - 3*x + 44. Calculate r(15).
-1
Let h(j) = j**3 + 2*j**2 - 3. What is h(-2)?
-3
Let w(z) = 2*z**2 - 6*z + 21. Calculate w(3).
21
Let v(m) = m**2 - 33*m + 163. Give v(7).
-19
Let c(n) = 2*n + 12. What is c(-10)?
-8
Let u(m) = 7*m + 68. What is u(-8)?
12
Let b(i) = -i**3 + 3*i**2 - 4. Determine b(2).
0
Let i(t) = -t**3 - 8*t**2 - 18*t - 9. Calculate i(-4).
-1
Let k(y) = -y**2 + 9*y - 2. Give k(5).
18
Let v(q) = -7*q**2 - 5*q + 3. What is v(3)?
-75
Let u(x) = -x**3 + 6*x**2 + 34*x + 58. Calculate u(10).
-2
Let y(a) = -2*a**3 - 4*a**2 - a - 4. What is y(-3)?
17
Let j(h) = -14*h + 98. Calculate j(10).
-42
Let f(c) = -69*c - 312. What is f(-5)?
33
Let g(y) = -y**3 + y**2 + 2*y - 2. Give g(2).
-2
Let f(t) = t**2 - 6*t - 214. Calculate f(18).
2
Let u(d) = d**2 - 5*d - 11. Give u(7).
3
Let a(r) = -r**3 + 9*r**2 + 2*r - 16. Give a(7).
96
Let m(w) = w**2 + 9*w - 3. What is m(-8)?
-11
Let v(f) = -2*f**2 - 13*f - 1. Give v(-6).
5
Let g(o) = 2*o**2 + 5*o + 4. Determine g(-3).
7
Let i(b) = -b**2 + 4*b - 3. Give i(5).
-8
Let j(g) = -g**2 + 37*g - 100. Determine j(35).
-30
Let y(x) = -9*x**2 - 45*x - 4. Determine y(-5).
-4
Let h(n) = n**3 + 5*n**2 - n + 37. Give h(-6).
7
Let r(d) = d**2 - 11. What is r(0)?
-11
Let x(v) = v**2 + 2*v - 3. Determine x(3).
12
Let x(i) = i**3 + 40*i**2 + 41*i + 80. Give x(-39).
2
Let s(a) = 6*a + 4. Give s(-4).
-20
Let n(d) = -5*d + 1. Give n(1).
-4
Let d(n) = -n**2 - 19*n + 25. Calculate d(-20).
5
Let b(q) = 2*q**2 - 4*q - 24. Calculate b(5).
6
Let r(n) = n**3 + 6*n**2 - 5*n - 28. Determine r(-6).
2
Let x(b) = -11*b**3 + b**2 - b - 2. What is x(-1)?
11
Let u(n) = n**3 - 5*n**2 - 5*n + 2. Calculate u(6).
8
Let n(z) = -30*z + 22. Give n(1).
-8
Let k(w) = -w**2 + 6*w + 4. Give k(5).
9
Let w(o) = o**2 - 13*o + 13. Determine w(11).
-9
Let s(g) = -g**2 - 5*g - 9. Calculate s(-5).
-9
Let t(w) = 33*w + 169. What is t(-6)?
-29
Let s(i) = -5*i + 9. Determine s(-9).
54
Let w(h) = -6*h + 3. What is w(-4)?
27
Let a(z) = 3*z**2 - 3*z - 5. What is a(-2)?
13
Let g(u) = -u**2 - 8*u + 1. What is g(-5)?
16
Let t(p) = p**3 - 3*p**2 - 1. Determine t(2).
-5
Let o(h) = -16*h**3 + 7*h**2 - 4*h - 2. What is o(1)?
-15
Let z(o) = -o**2 + 3*o - 3. What is z(5)?
-13
Let b(r) = -8*r - 26. Give b(-12).
70
Let z(q) = 16*q**2 + 3*q. Give z(-1).
13
Let w(u) = -34*u - 382. Give w(-11).
-8
Let v(y) = -y**2 - 11*y + 30. What is v(-13)?
4
Let l(i) = -i**2 + 7*i + 6. Calculate l(12).
-54
Let q(h) = -h**3 - 24*h**2 + 27*h + 37. Calculate q(-25).
-13
Let q(i) = i**2 + 11*i + 19. What is q(-6)?
-11
Let j(x) = -12*x + 27. Give j(-11).
159
Let s(h) = -10*h - 38. Give s(10).
-138
Let r(b) = 2*b**2 + 23*b + 9. Calculate r(-9).
-36
Let s(n) = 2*n**2 - n. Calculate s(-1).
3
Let s(t) = -2*t**2 + 30*t + 9. Determine s(15).
9
Let r(a) = -a**2 - 10*a - 7. Calculate r(-8).
9
Let v(m) = 171*m - 676. Calculate v(4).
8
Let g(r) = -r**3 - 5*r**2 - 8*r - 14. Give g(-3).
-8
Let y(u) = -3*u**2 + 5*u + 2. Determine y(4).
-26
Let c(a) = -2*a**3 - 3*a**2 - 2*a. Dete